 + 94. Let h = 2 - b. What are the prime factors of h?
41
Let z(t) = t + 2. Let i be z(-2). Suppose -2 = -5*k + 2*g - i*g, 2*k - g = 0. Suppose 0 = -k*y + 2*b + 40, -y + 5*b + 77 = 3*y. What are the prime factors of y?
23
Let g = -5 - -5. Suppose g = -0*w - w + 16. List the prime factors of w.
2
Let u = 61 + -17. Let c = -29 + u. List the prime factors of c.
3, 5
Let p(z) = -7*z + 3. Let g = -20 + 18. What are the prime factors of p(g)?
17
Suppose 0 = -68*t + 67*t + 247. List the prime factors of t.
13, 19
List the prime factors of (-1082)/(-22) - 6/33.
7
Let s(p) = p**3 - 12*p**2 + 14. List the prime factors of s(12).
2, 7
Let x(s) = -s**3 - 4*s**2 + 5*s - 3. Let r be x(-5). Let g be (r - 0)*6/(-9). Suppose -g*m + 12 = -m. List the prime factors of m.
2, 3
Let w = -8 - -11. Let y be 1/(6/8)*w. Suppose 4*d - y = 2*q, 0*q + q - 10 = -4*d. What are the prime factors of q?
2
Suppose -3*a = -2*a - 2. Suppose -a*o - 20 = -4*o. What are the prime factors of o?
2, 5
Let s be 4/((-4)/(-7)) - 3. What are the prime factors of (-1 - 2) + 96/s?
3, 7
Let w(n) = -n**2 + 3*n - 1. Let h be w(-5). Let c = h + 60. List the prime factors of c.
19
Let b(g) = 5*g + 1. Let u be b(4). Let p = u + -16. List the prime factors of p.
5
Let x = 59 - 30. List the prime factors of x.
29
Let w(z) = 15*z - 27. Let h(l) = 7*l - 13. Let m(u) = -13*h(u) + 6*w(u). Let c be m(8). What are the prime factors of ((-5)/((-5)/(-2)))/c?
2
Suppose -3*h - 1 + 82 = 0. What are the prime factors of h?
3
Suppose -5*k = -4*k - 34. List the prime factors of k.
2, 17
Let k(t) = -t - 2. Suppose 0 = 2*d - 3*d - 4. What are the prime factors of k(d)?
2
Let w(b) = -12*b**2 - 4*b + 3. Let v be w(2). Let q = -28 - v. List the prime factors of q.
5
Suppose -2*l - 2*p - 5 = p, -4*l - p = -15. Suppose 2*q + 6 = 0, 0 = -l*i - 4*q + 2*q + 4. What are the prime factors of i?
2
Let h(l) = l**2 + 2*l + 1. Let p be ((-4)/6)/(4/6). Let j be h(p). Suppose 4*k + 3*i - 3 = k, j = -3*k - 2*i + 8. What are the prime factors of k?
2, 3
Let m = -1 - -2. Suppose 24 + 4 = 4*o. What are the prime factors of o + (-2 - (m + -1))?
5
Let b(i) = i**3 + 5*i**2 + 6*i + 2. Let l be b(-4). Let g = 10 + l. List the prime factors of g.
2
Let z = 1 + 0. Let b be z - (7*-1 - 0). Suppose 0*g - b = -4*g. List the prime factors of g.
2
Let i(o) = 5*o. What are the prime factors of i(4)?
2, 5
Suppose w - 5 + 3 = 0. What are the prime factors of w/5 - 174/(-15)?
2, 3
Let c = 109 - 92. List the prime factors of c.
17
Let q(i) = -18*i**2 - i - 2. Let y(s) = -36*s**2 - 2*s - 3. Let g(l) = 5*q(l) - 3*y(l). List the prime factors of g(1).
2, 3
Let l = -8 - -5. List the prime factors of (27/(-6))/l*2.
3
Suppose 2*n = 6, -68 = -f - 4*n + n. List the prime factors of f.
59
Let g(c) = c**3 - 18*c**2 - 11*c - 4. What are the prime factors of g(19)?
2, 37
Suppose -4 = 2*k - 0*k. List the prime factors of 1/(k/(-20)) - -1.
11
Let i(h) = h**2 + 9*h - 13. What are the prime factors of i(-11)?
3
Suppose -5*f + 101 = -34. Let t = -2 + f. List the prime factors of t.
5
Suppose 3*z + z = -2*j - 36, -3*z - j - 25 = 0. Let u(r) = 2*r. Let a be u(-2). What are the prime factors of a/3*(z - -1)?
2
Let r(i) = -2*i - 9. Suppose -6 = -4*q + q. Let t be 40/(-7) + q/(-7). List the prime factors of r(t).
3
Let h be (-4)/(-6) + 60/(-9). Let x(q) be the first derivative of -2*q**2 - 7*q + 4. What are the prime factors of x(h)?
17
Suppose 2*a - 38 = 8. Let u be (-1)/(-3) - (-46)/(-3). Let l = a + u. What are the prime factors of l?
2
Let a = 1 - -4. Suppose -w - 5*z = -3*w, -a*z = 0. Suppose -2*r - 2*r + 16 = w. List the prime factors of r.
2
Let g(k) = k**3 - 7*k**2 + 8*k - 1. Let i = 10 + -6. Suppose i*u = 2*m - 23 - 9, 3*u - 15 = -5*m. List the prime factors of g(m).
11
Let w = 123 + -86. What are the prime factors of w?
37
Let x be (3 + -3 + 0)*-1. Suppose x = -4*a + 4*p + 112, -2*a + 9 = -5*p - 44. List the prime factors of a.
29
Let o = 29 + -17. Let z be ((-36)/30)/(1/(-5)). Suppose -l + o = -z. List the prime factors of l.
2, 3
Let f(w) = -7*w - 29. List the prime factors of f(-12).
5, 11
Suppose 10*v = 11*v - 28. List the prime factors of v.
2, 7
Let c be 1275/27 + (-2)/9. Suppose -c = -4*k + 1. What are the prime factors of k?
2, 3
Let d = -38 - -105. List the prime factors of d.
67
Suppose 0 = -2*k - h + 39, -4*h = 3 + 1. What are the prime factors of k?
2, 5
Suppose 4*s - s = 0. Suppose -25 = -5*j + 3*j + 3*i, -j - i + 10 = s. List the prime factors of j.
11
Let m be 3 + -3*(1 - 0). Suppose m*l = -2*k - 3*l + 10, -3*k - 4*l = -16. What are the prime factors of k?
2
List the prime factors of (-1 - -2)/((-11)/(-506)).
2, 23
Let p(r) = 4*r**2 - 16*r + 13. What are the prime factors of p(10)?
11, 23
Let m(b) = b - 8. Let q be m(7). Let o = 3 + q. Suppose 7*c = o*c + 15. List the prime factors of c.
3
Suppose 0 = -3*f + 5*k + 26, 5*k + 8 + 4 = -4*f. Suppose 3 = -3*o + 4*o. Suppose -43 = -4*x - o*z, 19 = -x + f*x - 2*z. What are the prime factors of x?
13
Let m(x) = x**2 - 17*x + 25. What are the prime factors of m(20)?
5, 17
Suppose -117 = -2*r - 3*b, r = 2*b - 3 + 44. List the prime factors of r.
3, 17
Suppose -b = -5 - 16. List the prime factors of b.
3, 7
Suppose 4*o - 8 = -4*i, 7*o - 3*i - 24 = 4*o. Suppose -p - 24 = -o*p. List the prime factors of p.
2, 3
Let h(r) = 3*r**2 + 4*r + 3. Suppose -5 = -l + 7. Suppose -4*k - l + 4 = 0. List the prime factors of h(k).
7
Suppose 17*y - 18*y = -69. List the prime factors of y.
3, 23
Suppose -k - 4*k = -2*f - 15, 0 = -3*f - k + 20. Suppose -4*y + f*m + 19 = 0, 0 = -5*y - m - 3*m + 75. What are the prime factors of y?
11
Let r(w) = w**2 - 2*w + 3. Suppose -k = 5*i - 5*k - 40, 4*i = 4*k + 36. List the prime factors of r(i).
11
Let v(a) = 33*a**2 + a - 1. Suppose 0 = -0*c - 2*c + 2. List the prime factors of v(c).
3, 11
Let a(h) = h**2 - 7*h + 1. Suppose -5*q - 10 + 25 = 0. Let r(c) = -c**2 + 8*c - 1. Let l(z) = q*r(z) + 4*a(z). What are the prime factors of l(5)?
2, 3
Let x be (-1)/9 - 2/(-18). Suppose 5*u = -x*u + 140. What are the prime factors of u?
2, 7
Let o(n) = 2*n - 4. Let q be o(-6). Let s = 24 + q. List the prime factors of s.
2
Let m = -4 + 10. Let t = -6 + m. Suppose 14 = 2*u - t. List the prime factors of u.
7
Let g(d) = d**3 + 5*d**2 - 6*d + 2. Let l be g(-6). Suppose -l*m - 2 + 10 = 0. List the prime factors of m.
2
Let h(c) be the first derivative of c**4/4 + 4*c**3/3 - c**2 - 5*c + 2. Let k be 4/1*(0 + -1). What are the prime factors of h(k)?
3
Let v(l) = -l**3 - 8*l**2 + 8*l - 5. Let t be v(-9). Suppose -p + 19 = t*o - 2*p, 2*o - 11 = p. What are the prime factors of o?
2
List the prime factors of 4/6 + 916/12.
7, 11
Let c(i) = -3*i**2 - 2*i - 11. Let j(y) = -4*y**2 - y - 12. Let z(x) = -3*c(x) + 2*j(x). List the prime factors of z(-6).
3, 7
Let q = -3 + 11. Let v(o) = 0*o**2 - 8 - o**3 - 4*o + 9*o**2 - o. List the prime factors of v(q).
2
Suppose -3*n - 49 = -640. What are the prime factors of n?
197
Let a = 127 + -1. What are the prime factors of a?
2, 3, 7
What are the prime factors of 2/(-5) - (-435)/25?
17
Let c = -3 + 6. Suppose 12 = 3*a - c. List the prime factors of a.
5
Let b = -108 + 195. What are the prime factors of b?
3, 29
Let n = 4 - 0. Suppose -a - 3*y = n + 3, 12 = 3*a - 2*y. Suppose -q + 16 = -a. List the prime factors of q.
2, 3
Let f(x) = x**3 + 5*x**2 + 3*x - 2. Let h = -10 + 28. Let s be (-2)/3 - 60/h. List the prime factors of f(s).
2
Let h(d) = d**3 + d + 12. Let f be 4/6 + (-4)/6. What are the prime factors of h(f)?
2, 3
Let a(c) = c**3 - 4*c**2 + 3*c - 1. Let h be 2*3/(-12)*-6. Let x be a(h). List the prime factors of (-1 + 3)/(x/(-2)).
2
Let a = 4 + -2. Let b = 77 - 51. Suppose -a*x = -4*x + 4*c + b, -2*c = -2*x + 22. What are the prime factors of x?
3
List the prime factors of -3 + 0/5 - -248.
5, 7
Let p(c) = 6*c - 8. Let a = -11 + 19. Let o be p(a). Suppose -3*k - o = -5*x, 35 = x + x - 5*k. List the prime factors of x.
5
Let f = 10 - 3. Let z(g) = g**3 - 7*g**2 + 2*g - 10. Let a be z(f). Suppose -s + a*u - 8 = 1, -5*s + 30 = 5*u. What are the prime factors of s?
3
Let y = 15 - -93. List the prime factors of y.
2, 3
What are the prime factors of (-42)/(-8)*16/3?
2, 7
Let z(c) = 16*c**2 - 3*c + 2. Let s be z(2). Suppose 5*r = s + 15. List the prime factors of 15*(24/